se i - z - 3 - 14 = 0, i - 13 = 5*z. Let l(g) = -20*g + 1. Let h(f) = 80*f - 4. Let o(k) = i*l(k) + 4*h(k). Is 14 a factor of o(-1)?
True
Suppose -m + 32 = -5*n - 28, -4*m + 186 = -2*n. Is m a multiple of 3?
True
Let d(r) = r**2 - 6*r. Let s be d(6). Suppose 0 = -f - 3*t + 27, -2*f + s*t = 4*t - 62. Does 13 divide f?
True
Let g(k) = 2*k**2 - 8*k + 3. Is g(7) a multiple of 9?
True
Suppose 4*b - 4*n + 37 = -47, -2*n + 80 = -4*b. Let s = 19 + b. Suppose -3*a + s + 60 = 0. Does 10 divide a?
True
Let h = 7132 - 3319. Is h a multiple of 93?
True
Let l = 12 + -1. Suppose 168 = -l*h + 15*h. Let i = 14 + h. Is i a multiple of 14?
True
Suppose 0 = -13*r + 5*r - 2720. Does 20 divide ((-2)/(16/(-14)))/((-17)/r)?
False
Suppose -2*q + q + 5*x - 21 = 0, -4*x + 20 = -4*q. Is q - (-4 + 1)/(2/22) a multiple of 7?
False
Let w(b) = 2*b - 6. Let u be w(4). Suppose 0 = -x + u*x + 6. Is 6 a factor of 4*(-3)/(x/11)?
False
Suppose 11 = 3*y - 13. Suppose -y = -q + 3*w, 4*q - w - 22 + 1 = 0. Suppose q*i - 60 = 2*i. Does 4 divide i?
True
Let t be 50*2 + 3 + 4. Suppose -1 - t = -q. Suppose -y - 2*y = -q. Is y a multiple of 11?
False
Let a be (-2 - 10)*(-5)/(-15)*-74. Suppose 5*x + 16 = a. Is 14 a factor of x?
True
Let p = -7 + 10. Is 53 a factor of -53*(-4 + p + -1)?
True
Suppose 8*q - 626 - 766 = 0. Suppose 0 = -3*y - 3*u + q, 2*u - 10 = 4*u. Is y a multiple of 9?
True
Suppose -5*g = -56 - 59. Suppose 2*s + f - g = -s, 4*f = -16. Does 8 divide s - (3 - (-6)/(-3))?
True
Suppose -7*g = -2*g - 20. Suppose 2*o - q = 140, -4*o - g*q + 337 = o. Let y = o - 41. Is 9 a factor of y?
False
Suppose -9*a = -2*a + 7. Let z = a - -36. Is 7 a factor of z?
True
Is (2556/(-54))/(3/(-9)*2) a multiple of 3?
False
Let b(d) = -3*d**3 + 7. Let f be (3 + 0)*(2 - (-1 + 4)). Does 22 divide b(f)?
True
Suppose 39*y - 37593 = 978. Is y a multiple of 15?
False
Let b(f) = 84*f + 16. Let w be b(-2). Let n = w + 346. Is n a multiple of 10?
False
Let b(v) = v**2 + 11*v - 7. Let h be b(-11). Let q = h + 23. Is q a multiple of 10?
False
Suppose 3*k = -2*z + 1798, 0*k - k + 576 = -4*z. Does 16 divide k?
False
Let n = 467 - -9. Suppose -13*f + 356 = -n. Is 19 a factor of f?
False
Let k be (-7)/7*(-1563)/3. Suppose 5*u - 5*j = -j + k, 5*u - j - 524 = 0. Is 13 a factor of u?
False
Suppose 2*j - j - 39 = 0. Suppose -j - 119 = -d. Is 18 a factor of d?
False
Let s(x) = 3*x**2 + 30*x - 96. Is s(-20) a multiple of 14?
True
Suppose 0 = 6*g - 512 + 20. Suppose -g = -4*s + 46. Is 3 a factor of s?
False
Suppose -3*d + 165 = -4*t, 3*d - 55 = 2*d + 4*t. Suppose -4*u + 2*m = -44, -5*u = -0*u + 2*m - d. Is 2 a factor of u?
False
Suppose 5*c = -t + 4*t - 31, -4*t + 2*c = -32. Is 18 a factor of (79/3)/(t/(-21))*-1?
False
Let m(a) = -a**3 + a**2 + 6*a - 5. Let s be m(8). Let l = -287 - s. Does 31 divide l?
False
Let z = -78 + 107. Suppose -250 = -4*m + 2*q, q - z = -5*m + 266. Does 7 divide m?
False
Let g = -344 - -756. Is g a multiple of 6?
False
Suppose -3*x + 50 = d - 175, 0 = d. Is x a multiple of 3?
True
Let t(f) = f**2 + 28*f - 316. Does 28 divide t(-47)?
False
Let c = 81 + -156. Let q be (-2)/(-4) + c/(-10). Suppose -4 = -v + q. Is 4 a factor of v?
True
Suppose 6*f - 11*f + 75 = 0. Suppose 3*m = 309 - f. Is 14 a factor of m?
True
Let h(o) = 23*o - 6. Is h(34) a multiple of 8?
True
Does 47 divide (2505 - 22) + 3*-2?
False
Let t(x) = 29*x - 3. Let m be t(1). Suppose 4*i - m = -78. Let y(z) = -z**3 - 14*z**2 - 15*z - 18. Is y(i) a multiple of 2?
True
Let f(d) be the first derivative of -d**4/2 - 4*d**3/3 - 2*d**2 + 4*d + 1. Is f(-5) a multiple of 21?
False
Let d be (1/2)/((-6)/(-24)). Suppose 0 = 4*n + 4*s - 348, -n + s = -95 + d. Is n a multiple of 15?
True
Let u = 284 + -174. Is 22 a factor of u?
True
Let q = -9 + 12. Suppose -j + 63 = 3*c, 0 = -j + q*c + 72 - 3. Is j a multiple of 22?
True
Let f = 33 - 27. Suppose 0*p - 1728 = -f*p. Does 32 divide p?
True
Let q(j) = -j**3 - 8*j**2 - 6*j + 3. Let a be q(-7). Is 2/10 - ((-1032)/(-10))/a a multiple of 7?
False
Let m be 21*(3 + -1 - 1). Suppose 3*k - 60 = 4*p, 2*k + m = 3*k - p. Is 15 a factor of k?
False
Let y = 33 - -4. Suppose 2*x - 4*z = 44, 0 = x - 4*z - y + 13. Is x a multiple of 5?
True
Suppose -2*r = h, 0*r - 3 = 5*r + h. Let j be -5 + (3 - -4 - 3). Does 14 divide r/(j - 100/(-102))?
False
Let h = 28 + -19. Let i be ((-10)/6)/((-3)/h). Suppose -179 + 68 = -4*g - 3*o, -3*g = -i*o - 76. Is 9 a factor of g?
True
Does 84 divide (3/(-9))/(9/(-27054)) + 6?
True
Let x(f) = -f**2 - 41*f - 268. Is x(-24) a multiple of 10?
True
Let g(b) = 3*b**3 + b**2 - 2*b + 1. Let c be g(1). Let f = 260 + -176. Suppose -2*l = n + c*n - f, -5*n = 3*l - 106. Does 6 divide n?
False
Let l(g) = -g**2 - 2*g - 6. Let m(k) = -2*k**2 - 3*k - 6. Let v(b) = 3*l(b) - 2*m(b). Does 14 divide v(5)?
False
Let n = 12 + -12. Suppose 0 = 5*i - j + 20, n = 2*i + 2*i - 4*j + 32. Let y(r) = r**3 + 5*r**2 + 4*r + 4. Does 9 divide y(i)?
False
Suppose -6*h - 651 + 2919 = 0. Suppose -2*l + l + h = 0. Suppose 3*f + l = 9*f. Does 21 divide f?
True
Let a(m) = m**3 - 26*m**2 - 19*m - 62. Is a(27) a multiple of 14?
True
Suppose 532 = 4*g - 3*u, -4*g - 3*u + 5*u + 532 = 0. Let h = -38 + g. Is h a multiple of 28?
False
Let x = 29 - 18. Suppose 35 = -6*m + x*m. Suppose m*l - 3*l + 2*d = 164, l + 2*d - 47 = 0. Does 5 divide l?
False
Let o(r) be the third derivative of 131*r**5/60 - 7*r**4/24 + r**3/6 + 38*r**2. Is o(1) a multiple of 24?
False
Suppose -22*x + 8*x = -62496. Is 31 a factor of x?
True
Suppose 3*m - 6843 = o, 558 = 2*m - o - 4003. Is 34 a factor of m?
False
Let a = 86 - 62. Suppose 0 = 5*k - 6 - a. Does 6 divide k?
True
Suppose -i + 7 - 24 = 0. Suppose -4*f = -158 + 34. Let z = i + f. Does 4 divide z?
False
Is 0/31 + (388 - -1) a multiple of 14?
False
Let h(l) = l**2 + 3*l - 41. Let q(k) = -4*k**2 - 13*k + 164. Let i(x) = -9*h(x) - 2*q(x). Is i(0) a multiple of 11?
False
Suppose 2*p - p + 2 = 0. Let u = -3 - p. Is (19 - 0) + u + -2 a multiple of 4?
True
Is 2 a factor of 23/((-966)/(-28)) + (-478)/(-3)?
True
Suppose -3*t + 12 = 0, j - 4*j + 664 = t. Does 55 divide j?
True
Let w(o) = o**3 + 14*o**2 + 13*o + 5. Let k be w(-13). Suppose -k*u + 22 = 2. Suppose 0 = 2*x - u*x + 176. Does 15 divide x?
False
Suppose -4*s = 36 - 28. Let p = 12 + s. Is p a multiple of 2?
True
Is 417*(-3)/(-18)*2 a multiple of 14?
False
Let d(n) = n + 60. Let p be d(0). Suppose -2*k + p = -6*k. Let y = 21 - k. Does 18 divide y?
True
Suppose -444 = 20*g - 24*g. Does 26 divide g?
False
Suppose -g = -2*w + 96, -4*w + 3*g - 83 = -275. Is w a multiple of 8?
True
Let o = -61 - -431. Is o a multiple of 10?
True
Suppose 2*g = u + 3, 0 = 5*g - 4*u - 3. Let w be 4/14 + 344/(-28). Does 2 divide ((-1)/g)/(w/252)?
False
Is (-7908)/(-36) - 1/(-3) - -1 a multiple of 39?
False
Let d = -1 + -9. Let o(v) be the first derivative of -v**4/4 - 3*v**3 + 4*v**2 - 6*v + 190. Is 7 a factor of o(d)?
True
Let x = 734 - 521. Is x a multiple of 3?
True
Suppose 11*j + 15*j - 2028 = 0. Is j a multiple of 39?
True
Suppose 5*g + 7*f = 2*f + 7390, 0 = 5*g + f - 7374. Does 96 divide g?
False
Let m(r) = -11*r**3 - 8*r**2 - 15*r - 18. Does 11 divide m(-5)?
True
Let u(c) = 6*c**2 + 2*c + 1. Suppose w - 6*w - 20 = 0. Let s = w + 6. Is u(s) a multiple of 8?
False
Suppose -2*u = -2*f + 16, 3*f - 2*u - 46 = -2*f. Let m be -2*(-1 - (-15)/f). Is 102/m*(13 - 14) a multiple of 34?
True
Let y be -4*(-1)/((-12)/69). Let f = y + 45. Let x = 25 + f. Is x a multiple of 15?
False
Suppose -6*c = -14*c + 1104. Is c a multiple of 24?
False
Let y(h) = 7*h + 2. Let f be y(-2). Let c(x) = -x - 8. Let j be c(f). Suppose 0*z - 2*z - j*o = -76, -5*o = -3*z + 70. Is z a multiple of 15?
True
Let y(l) = -26*l + 32. Is 4 a factor of y(-4)?
True
Is 6 a factor of (0 + -6 - -4)*(-18)/2?
True
Suppose -w - 5 = 2*n - 20, 5*n + w = 36. Suppose n*v - 21 = 4*v. Let q(j) = 9*j - 9. Is 18 a factor of q(v)?
True
Let r = -23 + 60. Let g = r + 23. Does 16 divide g?
False
Let r(q) = -18*q**3 - 2*q**2 + 2. Is r(-2) a multiple of 6?
True
Suppose 3*b = 0, 0 = 5*c - 3*b - 2*b - 20. Suppose -6 = 2*m - 2*w - 0, 3*m + 14 = c*w. Suppose -m*j + j = -26. Is 12 a factor of j?
False
Let z(w) = -w**2 + 20*w + 4. Let t be z(20). Suppose -4*p - p - t*n + 131 = 0, p - 3*n - 30 = 0. Does 7 divide p?
False
Is 24 a factor of (480/